70
Let p(v) = -2*v - 12. Determine p(-3).
-6
Let s(b) = b**3 - 4*b**2 + 2*b + 5. What is s(4)?
13
Let a(j) = -j**2 + 19. Give a(5).
-6
Let q(p) = -p**2 + 13*p - 20. Calculate q(10).
10
Let t(o) = 9*o**3 + 2*o**2 - 2*o - 2. Give t(2).
74
Let p(c) = -13*c + 292. What is p(22)?
6
Let v(m) = -m**2 + 17*m + 16. Calculate v(18).
-2
Let s(t) = -2*t - 5. Give s(0).
-5
Let w(m) = -m. Give w(-5).
5
Let x(r) = -18*r + 70. What is x(3)?
16
Let w(j) = -7*j + 16. Give w(3).
-5
Let a(g) = g**3 - 2*g**2 - 40*g + 35. What is a(7)?
0
Let r(q) = -q**2 + 12*q + 26. Determine r(16).
-38
Let g(p) = p**2 - 14*p - 6. Calculate g(12).
-30
Let q(d) = -d - 13. Determine q(-8).
-5
Let c(j) = 6*j - 65. Give c(11).
1
Let x(d) = d**2 + 14*d + 9. Determine x(-12).
-15
Let r(u) = 3*u - 18. Determine r(5).
-3
Let n(a) = -11*a + 2. Give n(-2).
24
Let i(l) = 21*l - 58. Give i(2).
-16
Let m(s) = s**3 + 8*s**2 + 10*s + 7. Calculate m(-7).
-14
Let k(d) = 5*d**2 + 1. Give k(1).
6
Let o(k) = k**3 - 12*k**2 + 5. Determine o(12).
5
Let g(m) = -3*m**2 + 4*m - 8. What is g(2)?
-12
Let w(f) = -f**2 + 9*f - 28. What is w(4)?
-8
Let o(p) = 4*p - 71. What is o(14)?
-15
Let p(v) = -v**3 - 2*v**2 - 6. Calculate p(-4).
26
Let z(w) = 16*w + 4. What is z(5)?
84
Let m(p) = p**3 + 6*p**2 - 4*p - 5. Determine m(-3).
34
Let l(m) = -5*m**3 - 4*m**2 - 4*m - 6. Calculate l(-3).
105
Let o(x) = -53*x**2 + x + 2. Give o(-1).
-52
Let j(r) = 11*r**2 - 12*r + 4. What is j(4)?
132
Let u(k) = 3*k**3 - 4*k**2 + 3*k + 1. What is u(3)?
55
Let l(g) = 3*g + 11. What is l(-5)?
-4
Let s(l) = -6*l - 8. Give s(-3).
10
Let q(n) = n**2 + 7*n + 5. Determine q(-6).
-1
Let p(g) = -2*g**2 + 2*g + 3. Give p(-3).
-21
Let w(y) = -5*y + 22. Give w(11).
-33
Let w(o) = -o**2 + 269*o + 2794. Give w(-10).
4
Let m(r) = r**2 + 18*r + 23. Calculate m(-16).
-9
Let g(r) = -5*r**2 - 12*r + 3. Determine g(-2).
7
Let q(u) = -u**2 + 11*u - 5. Determine q(4).
23
Let c(i) = i**3 - 5*i**2 - 7*i + 9. Determine c(6).
3
Let d(j) = -j**2 - 10*j + 10. What is d(-12)?
-14
Let z(c) = c**3 - 4*c**2 + 4*c + 4. Determine z(4).
20
Let i(v) = -2*v**2 + 46*v + 4. What is i(23)?
4
Let x(f) = -f**3 + f**2 + 8*f - 12. Give x(3).
-6
Let t(p) = -p + 20. What is t(0)?
20
Let i(p) = 26*p + 187. What is i(-7)?
5
Let d(q) = -q**3 + 9*q**2 - 2*q - 47. Give d(8).
1
Let g(l) = -l**2 - 9*l + 32. Calculate g(-11).
10
Let i(q) = -q. Calculate i(2).
-2
Let h(n) = -n**2 + 16*n - 22. Give h(14).
6
Let f(k) = k**3 + k**2 - 16*k - 19. Determine f(-4).
-3
Let o(u) = -u**2 - 13*u - 25. Calculate o(-12).
-13
Let o(f) = 20*f - 132. Give o(8).
28
Let m(v) = -v**3 - 6*v**2 - 8*v - 7. Determine m(-5).
8
Let s(i) = i**2 + 2*i - 8. Determine s(-6).
16
Let n(g) = -11*g - 73. What is n(-7)?
4
Let j(v) = -2*v**2 + 9*v - 5. What is j(6)?
-23
Let n(v) = -v**2 + 15*v + 23. What is n(16)?
7
Let x(f) = f**3 + 5*f**2 - 12*f + 21. Give x(-7).
7
Let a(v) = -v**2 - 3*v + 40. Give a(-7).
12
Let w(x) = x**2 - 3*x - 1. Determine w(4).
3
Let a(h) = -h - 6. Give a(7).
-13
Let h(t) = -t**3 - 12*t**2 - 15*t + 9. Calculate h(-11).
53
Let u(h) = h + 21. Give u(13).
34
Let y(x) = x**2 - 6*x + 2. What is y(7)?
9
Let r(o) = 11*o - 105. Determine r(10).
5
Let i(l) = -15*l**2 - 1. Determine i(-1).
-16
Let v(u) = -18*u + 4. Determine v(3).
-50
Let j(z) = 141*z - 989. Calculate j(7).
-2
Let l(q) = -q**3 - 60*q**2 + 126*q + 145. What is l(-62)?
21
Let r(u) = u**3 - 5*u**2. Determine r(3).
-18
Let l(m) = -8*m + 457. Give l(57).
1
Let p(b) = -4*b + 25. Calculate p(4).
9
Let c(r) = -r**3 + 5*r**2 + 5*r - 17. Determine c(5).
8
Let f(a) = 10*a**3 + a**2 + 2*a + 2. Give f(-1).
-9
Let q(t) = -4*t + 106. Give q(0).
106
Let m(u) = u**2 + 10*u + 28. Determine m(-3).
7
Let r(q) = q**2 - 20*q + 42. What is r(11)?
-57
Let t(b) = b**2 - 3*b + 3. Give t(4).
7
Let g(r) = -r**3 - 15*r**2 + 15*r - 11. What is g(-16)?
5
Let u(r) = r**2 + 15*r + 49. Determine u(-8).
-7
Let q(x) = x**3 - 7*x**2 - 5*x - 1. Give q(7).
-36
Let u(h) = -h**3 - 10*h**2 - 23*h + 2. Determine u(-7).
16
Let t(k) = k**2 - 10*k - 1. Determine t(9).
-10
Let v(w) = -w**2 + 11*w + 16. Give v(13).
-10
Let d(k) = -7*k - 8. What is d(4)?
-36
Let l(u) = u**3 - 6*u**2 - 3*u + 6. What is l(6)?
-12
Let i(d) = -2*d**2 + 9*d. Determine i(4).
4
Let j(v) = 2*v**3 + 8*v**2 - 9*v. Give j(-5).
-5
Let v(z) = -z**2 - 9*z - 11. Give v(-8).
-3
Let g(m) = -3*m**2 + 21*m - 10. What is g(7)?
-10
Let l(d) = -d**3 + 24*d**2 - 24*d + 44. What is l(23)?
21
Let d(j) = -j**2 + 8*j - 20. What is d(8)?
-20
Let r(x) = -x - 1. Determine r(-3).
2
Let h(n) = -n**2 - n + 34. Determine h(5).
4
Let j(m) = m**3 + 16*m**2 + m + 13. Calculate j(-16).
-3
Let k(o) = 2*o**2 + 2*o - 6. Determine k(-3).
6
Let s(g) = 2*g**2 + 32*g + 11. What is s(-10)?
-109
Let w(j) = -8*j**3 + 3*j**2 - 2*j - 1. What is w(2)?
-57
Let l(u) = 65*u**2 - 133*u + 2. Give l(2).
-4
Let f(m) = 18*m - 2. Determine f(2).
34
Let p(a) = -3*a - 11. What is p(-1)?
-8
Let f(r) = 9*r + 2. What is f(-2)?
-16
Let c(t) = t**2 + 6*t - 2. Give c(-7).
5
Let t(k) = -28*k + 9. Give t(-2).
65
Let a(i) = 9*i - 16. Calculate a(3).
11
Let f(v) = -v**3 + 7*v**2 - 5*v - 2. Calculate f(6).
4
Let n(v) = 2*v**2 - 8*v - 3. Determine n(6).
21
Let w(k) = -k + 3. Determine w(4).
-1
Let g(l) = 2*l**2 + 32*l - 20. Calculate g(-17).
14
Let d(c) = -2*c**3 - c - 1. Give d(-2).
17
Let u(b) = b**2 + 12*b - 29. Give u(-13).
-16
Let p(j) = -j**3 - j**2 - j + 21. Calculate p(0).
21
Let s(t) = 3*t**2 + 6*t. Calculate s(-3).
9
Let q(b) = 2*b - 3. Calculate q(9).
15
Let o(k) = 2*k**2 - 7*k - 8. Determine o(6).
22
Let j(p) = 11*p + 85. What is j(-9)?
-14
Let t(a) = 2*a**3 + 34*a**2 + 5*a + 48. What is t(-17)?
-37
Let q(o) = -o**2 + 3*o + 7. Determine q(5).
-3
Let i(h) = -h**3 - h**2 + h - 44. Give i(0).
-44
Let i(x) = -3*x - 55. Determine i(0).
-55
Let k(a) = 3*a - 1. Give k(5).
14
Let a(g) = -67*g + 5. Determine a(-1).
72
Let c(h) = -14*h - 243. Calculate c(-17).
-5
Let a(j) = -j**3 + 11*j**2 - 14*j + 12. Give a(11).
-142
Let l(d) = -d**3 + 8*d**2 + 19*d + 11. Give l(10).
1
Let w(m) = -m**3 + 25*m**2 - 45*m - 20. Determine w(23).
3
Let r(p) = 2*p**2 + 14*p + 16. Give r(-5).
-4
Let c(l) = l**3 + 11*l**2 + 10*l + 10. Calculate c(-10).
10
Let c(b) = -b**3 + 8*b**2 + 18*b + 22. Determine c(10).
2
Let b(n) = n**3 + n - 23. Give b(0).
-23
Let y(q) = -q**3 - 4*q**2 - q + 7. Determine y(-3).
1
Let p(x) = -x**2 - 10*x - 30. What is p(-3)?
-9
Let r(b) = b**3 + 7*b**2 - 11*b - 5. What is r(-8)?
19
Let r(d) = 3*d**2 - d + 3. What is r(2)?
13
Let l(g) = -15*g**3 - 3*g**2 + g + 3. What is l(-1)?
14
Let b(g) = 61*g + 843. Calculate b(-14).
-11
Let i(q) = 7*q - 22. Calculate i(5).
13
Let d(j) = -j**2 - 12*j + 26. Calculate d(-14).
-2
Let y(t) = -t**3 - 6*t**2 - 3*t + 1. Calculate y(-6).
19
Let k(b) = 2*b**3 - 16*b**2 + 16*b - 14. What is k(7)?
0
Let h(r) = -r**3 + 8*r**2 - 14*r - 8. Calculate h(8).
-120
Let r(b) = 2*b - 20. Determine r(11).
2
Let h(j) = -j**3 + j**2 + 8. Calculate h(0).
8
Let b(s) = -s**3 + 7*s**2 - 4*s + 15. Give b(6).
27
Let p(q) = q**3 - 3*q**2 + 3*q - 5. What is p(3)?
4
Let g(f) = -f**3 - 8*f**2 + 2*f - 2. What is g(-7)?
-65
Let r(v) = v - 27. What is r(27)?
0
Let c(d) = d**2 + 13*d + 26. Calculate c(-6).
-16
Let h(y) = -y**3 - 12*y**2 + 26*y - 25. Give h(-14).
3
Let u(f) = -f**2 - 3*f + 7. Give u(-5).
-3
Let b(w) = 2*w**2 + 10*w - 21. Calculate b(2).
7
Let m(y) = y**2 - 7*y + 10. Determine m(5).
0
Let h(i) = 5*i - 3. Give h(-9).
-48
Let r(l) = -l - 33. Calculate r(19).
-52
Let n(s) = -s**2 - 4*s - 6. Give n(-6).
-18
Let o(w) = 2*w - 38. Give o(19).
0
Let b(p) = p**3 - 3*p**2 + 16*p - 26. What is b(2)?
2
Let s(w) = w**2 + 27*w - 5. What is s(-27)?
-5
Let k(b) = b**3 + 18*b**2 + 26. What is k(-18)?
26
Let y(k) = -k**3 - 13*k**2 - 1. Determine y(-13).
-1
Let u(l) = 4*l**2 + l. Give u(-1).
3
Let l(a) = 5*a - 1. Calculate l(1).
4
Let v(b) = -19*b**3 + 2*b**2 - b + 1. Calculate v(1).
-17
Let m(y) = 5*y**2 + 4*y - 1. Give m(-3).
32
Let x(y) = 2*y**2 + 2*y + 3. Give x(-2).
7
Let d(t) = 2*t + 26. Determine d(-14).
-2
Let k(y) = 15*y - 10. Calculate k(3).
35
Let w(d) = 8*d**2 - 37*d - 3. What is w(3)?
-42
Let y(x) = 5*x**2 - 6*x - 6. Calculate y(5).
89
Let q(k) = k + 49. Give q(-7).
42
Let f(h) = -h**2 + 22*h + 1. Give f(22).
1
Let a(l) = l**3 + 3*l**2 - 4*l + 4. Give a(-4).